a = j + 128. Calculate the highest common factor of j and c.
16
Suppose 23*b - 456 = -180. Let d be (-2)/(((-8)/(-12))/((-244)/b)). What is the highest common divisor of 183 and d?
61
Let i be ((-4)/(-16))/((-33)/(-15180)). What is the highest common divisor of 1081 and i?
23
Suppose 49*o = -514 + 2866. What is the greatest common factor of o and 496?
16
Let v = 2967 + -2891. What is the greatest common divisor of v and 6574?
38
Let y(s) = 104*s + 1. Let g be y(1). Suppose -13*t = -1806 + 246. Suppose -11*f - t = -19*f. Calculate the greatest common factor of f and g.
15
Let b = -15 + 47. Let d = b - 29. Suppose -d*j = -5*p - 11, 2*j - 5*p + 1 = -0*p. Calculate the greatest common divisor of 4 and j.
4
Let l be (-27 + -3)*(-3)/2. Let f(a) = 433 - a - 433. Let q be f(-9). Calculate the greatest common divisor of l and q.
9
Let b(t) = 4*t + 0 + 4 + 1 + t**2 - 2. Let q be b(-4). Suppose -2*m - 656 = -5*s, 3*s - 2*s + q*m - 138 = 0. Calculate the greatest common factor of 12 and s.
12
Suppose -19*y + 136 = -1916. Calculate the highest common factor of y and 189.
27
Suppose 518154 = 249*g - 176*g. Calculate the highest common divisor of 42 and g.
42
Suppose 22 + 354 = 94*a. Let d be 2 - (1 - -1 - 4). Suppose 3 = w + b, -3*w = -w + d*b. Calculate the highest common factor of w and a.
2
Let u = 5020 - 4954. What is the greatest common factor of 1749 and u?
33
Let n(s) be the third derivative of -s**6/120 - s**5/60 - 7*s**4/8 - 10*s**3/3 - 140*s**2. Let d be n(-6). What is the greatest common factor of d and 66?
22
Suppose 0 = 2*f + 2*z - 1686, -122*f + 127*f - 4187 = -z. What is the highest common divisor of 646 and f?
38
Suppose 2*g + 4*f + 8 = 0, g = -4*f - 8 - 4. Suppose -g*j = 2 - 90. Let m = 679 - 591. Calculate the highest common divisor of j and m.
22
Let r = -96 - -97. Let k be (10 - 14 - (r + -2)) + 62. Calculate the highest common divisor of 531 and k.
59
Let i = 530 - 218. Suppose 6*h + i = 10*h. Calculate the greatest common factor of 12 and h.
6
Let p be 3*15/(225/10). Suppose 2*z = p*w - 0*z - 302, 0 = 3*z - 15. What is the greatest common divisor of 12 and w?
12
Suppose -259 = -p - 5*k, 0 = -p - 3*p - 9*k + 981. Let a(t) = -t**2 + 6*t + 117. Let z be a(-7). Calculate the greatest common divisor of z and p.
26
Let o(u) = 3*u**3 + 3*u**2 - 2*u - 6. Let b be o(3). Suppose -b*k + 100*k = 1188. What is the highest common factor of 27 and k?
27
Let x(n) = n**3 - 8*n**2 + 10*n - 79. Let p be x(8). Let f be (28/35)/((-161)/(-160) - p). Calculate the greatest common factor of f and 16.
16
Suppose o = 2*g - 14, 2*o - 7*g = -8*g - 8. Let d be 36/27*(-1377)/o. What is the greatest common divisor of 18 and d?
18
Let q(o) = -78*o - 625. Let p be q(-8). Let f be (2 + -4)/p - (-38 - -27). Let n(m) = 39*m. Let r be n(3). Calculate the greatest common factor of f and r.
13
Suppose -69*u + 46*u - 230 = 0. Let i be (52/10 - (-2)/u) + 1. What is the greatest common divisor of i and 216?
6
Suppose 0 = m - 11 + 10, 11 = g - 3*m. Suppose -13*u - 28 = -g*u. Calculate the greatest common factor of u and 4.
4
Suppose -6*b + 4*b = 6, 2*b - 14 = -2*v. Suppose 2*z - v = 48. Calculate the highest common factor of 232 and z.
29
Let u be 20/(-190) - (2 - (-81949)/(-19)). Calculate the greatest common factor of u and 9.
9
Let t = -7 - -12. Suppose 3*p + 5*q - 270 = 0, -2*q + 1039 = -389*p + 400*p. Calculate the greatest common factor of t and p.
5
Let d(l) = -l**2 + 2*l + 99. Let s be d(9). Let o(w) = w**2 - w - 12. Let j be o(5). What is the highest common factor of j and s?
4
Let c = 29793 - 17676. What is the highest common divisor of 21 and c?
21
Let v = 105 - 54. Let d(o) = -853*o + 5121. Let y be d(6). What is the greatest common divisor of v and y?
3
Suppose 5*i - 30 = 0, -8*a = -7*a + 3*i - 382. Calculate the greatest common divisor of a and 532.
28
Suppose -136 + 37 = 3*a. Let r = 93 + a. Suppose -h = -4*i + 79, -2*i + 4*i = 2*h + 38. Calculate the highest common factor of i and r.
20
Suppose z - 56 + 52 = 0. Suppose 107 = z*n - 129. What is the greatest common factor of 59 and n?
59
Let t be (-7)/(1127/(-92)) + 2092/14. What is the greatest common divisor of t and 2180?
10
Let g = -5211 + 5681. Calculate the highest common factor of 30 and g.
10
Let u be (-6)/10 - (-4215)/25. Suppose -11*i + 14*i + 2*c = 162, -3*c + 103 = 2*i. Calculate the greatest common factor of i and u.
56
Let p(f) = -f**3 + 8*f**2 + 13*f - 33. Let g be p(9). Suppose -2*h + m + g*m + 1028 = 0, -3*m + 1497 = 3*h. What is the greatest common factor of h and 7?
7
Let x be ((-10)/(-40))/(4/208). Let d(s) = 16*s - 60. Let t be d(7). Calculate the highest common factor of t and x.
13
Let f be (1180/(-60) - -11)/(17/9 + -2). Calculate the highest common divisor of 1274 and f.
26
Let b be 290/(-2610) + (-163)/(-9). Suppose -4*i + 88 = 2*t - 96, 3*i = 3. What is the greatest common factor of b and t?
18
Let j(n) = n**3 + 3*n**2 - 57*n + 13. Let l be (-357)/39 + 14/91. Let r be j(l). What is the greatest common factor of r and 144?
8
Let c be 2 - -2 - (36100/(-266) + 6/(-21)). What is the greatest common factor of c and 3794?
14
Suppose -2*b = -27 + 15. Let v be ((-806)/39)/(3 + (-22)/b). What is the highest common divisor of v and 124?
31
Let g = 3187 + -2921. Calculate the highest common factor of 114 and g.
38
Let k(j) = -j**3 - 5*j**2 + 10*j - 7. Let n be k(-8). Let l = -105 + n. Let v = l - -4. Calculate the greatest common factor of v and 4.
4
Suppose -2*v = f - 22, 4*f - v = 90 - 11. Suppose -4*c = -c + 3*p, p - f = -5*c. What is the highest common divisor of 10 and c?
5
Let m = 192 - 187. Suppose -i = -m*n - 4, -i - 3*n + 4 = -7*n. What is the greatest common factor of i and 4?
4
Let n(r) = -27*r + 1745. Let d be n(0). Suppose 0 = 29*c - d - 2779. What is the greatest common divisor of c and 234?
78
Suppose 392 = 2*m - 5*j, 122*m = 119*m - 3*j + 609. What is the highest common factor of m and 6030?
201
Let x = 6 - -1. Suppose x*c = -c + 1344. Suppose c + 1128 = 12*g. Calculate the greatest common factor of 18 and g.
18
Let x be (1 - 0)/(((-76)/8)/(-19)). Suppose -4*k = 2*u - 108, -x*u - 8*k = -3*k - 108. Calculate the highest common divisor of u and 135.
27
Let g(h) = 38*h**3 + 5*h**2 - 30*h + 108. Let l be g(4). Calculate the greatest common divisor of 20 and l.
20
Suppose 0 = 7*b - 14*b + 21. Suppose 4*u - 4*d - 252 = 0, b*u + d = 61 + 148. Let f be 20/4 + (-1)/1. Calculate the greatest common divisor of f and u.
4
Suppose -2*p - 1441 = -3*s, -s + 248 = 5*p - 238. Let q be (7 - ((-423)/(-36) + -5))/(2/104). Calculate the greatest common factor of q and s.
13
Suppose -r = 4*m - 113 + 59, -r - 54 = -5*m. What is the greatest common factor of 636 and m?
12
Suppose 0 = 501*h - 487*h - 11424. Let n(a) = a**2 + 6*a - 7. Let c be n(-11). Calculate the greatest common factor of h and c.
48
Let q(i) = 2*i**2. Let y be (108/270)/(1 + 9/(-10)). Let g be q(y). Calculate the highest common factor of g and 96.
32
Let o be -166 - -1 - (9 + -14). Let s = o + 293. Let m = s - 117. What is the highest common divisor of m and 80?
16
Let b = -3910 - -3921. Calculate the greatest common divisor of 517 and b.
11
Suppose 5*x = 8*x + 27*x - 12900. Calculate the greatest common divisor of 60 and x.
10
Suppose -10*l + 14841 = 7*l. Let s = 882 - l. Let k = -64 + 109. Calculate the greatest common factor of k and s.
9
Let x(u) = -4*u**2 + 47*u - 7. Let l = -1 + 6. Let y be x(l). What is the highest common factor of 32 and y?
32
Let o be -4 - (-63 - 3/(-1)). Suppose -5*k + 2 + 68 = 0. What is the greatest common divisor of o and k?
14
Let v = 8869 + -7747. Calculate the highest common factor of v and 132.
66
Let y = -1216 - -1691. Calculate the greatest common divisor of 85 and y.
5
Let v(y) = -y**3 + 25*y**2 + 72*y - 364. Let o be v(26). Calculate the greatest common divisor of o and 78.
26
Suppose -n + 2044 = 87. What is the greatest common factor of n and 57?
19
Suppose 0 = 99*x - 94*x + 140. Let d be x/3*18/(-12). Calculate the greatest common divisor of d and 224.
14
Let a be (8 - 0)/2 - (2 + -4). Suppose -2*w + u = -21 - 21, a = -3*u. Let b be 3*5/12*4. Calculate the greatest common divisor of w and b.
5
Let t be 8 - (-422 + -4 + -3 - -3). Suppose 0*y - 56 = -4*y. What is the greatest common divisor of y 